rime factors of 89532191.
7, 3023, 4231
List the prime factors of 203589855.
3, 5, 7, 10259
What are the prime factors of 39811628?
2, 2003, 4969
What are the prime factors of 54069067?
13, 23, 67, 2699
List the prime factors of 231372763.
231372763
List the prime factors of 156067985.
5, 241, 129517
What are the prime factors of 140964964?
2, 7, 89, 8081
What are the prime factors of 128082407?
4289, 29863
What are the prime factors of 1167448506?
2, 3, 7, 27796393
List the prime factors of 1668188153.
1668188153
List the prime factors of 55718388.
2, 3, 11, 46901
What are the prime factors of 978390403?
97, 10086499
What are the prime factors of 2243571028?
2, 2141, 261977
What are the prime factors of 5268423?
3, 1756141
What are the prime factors of 1026625317?
3, 29, 53, 222647
What are the prime factors of 32084726?
2, 16042363
List the prime factors of 310955758.
2, 1061, 146539
What are the prime factors of 623770922?
2, 13693, 22777
List the prime factors of 8852863.
83, 106661
What are the prime factors of 82088342?
2, 7, 17, 344909
List the prime factors of 347844264.
2, 3, 14493511
List the prime factors of 2687916004.
2, 671979001
What are the prime factors of 3440150?
2, 5, 7, 9829
What are the prime factors of 8782753?
7, 191, 6569
What are the prime factors of 56531476?
2, 31, 455899
What are the prime factors of 16245707?
311, 52237
List the prime factors of 417030511.
417030511
List the prime factors of 1813074911.
6151, 294761
What are the prime factors of 732120?
2, 3, 5, 6101
List the prime factors of 69560030.
2, 5, 1697, 4099
What are the prime factors of 1359696875?
5, 435103
What are the prime factors of 94493095?
5, 1249, 15131
List the prime factors of 105728425.
5, 11, 37, 10391
List the prime factors of 1811093284.
2, 7, 11, 13, 31, 14591
List the prime factors of 129999464.
2, 7, 877, 2647
List the prime factors of 178361593.
2437, 73189
What are the prime factors of 47582310?
2, 3, 5, 1586077
List the prime factors of 6606272314.
2, 163, 367, 55217
What are the prime factors of 5059100680?
2, 5, 47, 2691011
What are the prime factors of 882690402?
2, 3, 11, 1215827
What are the prime factors of 58498887?
3, 17, 29, 37, 1069
What are the prime factors of 2979579193?
2979579193
What are the prime factors of 5348260998?
2, 3, 7687, 38653
List the prime factors of 2914201483.
409, 7125187
List the prime factors of 848446404.
2, 3, 13, 17, 319927
What are the prime factors of 316635337?
7039, 44983
List the prime factors of 54743863.
54743863
List the prime factors of 26158867.
7, 3736981
List the prime factors of 423227992.
2, 11, 437219
List the prime factors of 4242879391.
23, 109, 1692413
What are the prime factors of 35646824?
2, 17, 262109
List the prime factors of 146650771.
61, 2404111
List the prime factors of 17426364.
2, 3, 23, 103, 613
What are the prime factors of 217627628?
2, 1993, 27299
List the prime factors of 201834327.
3, 71, 947579
List the prime factors of 359290849.
359290849
List the prime factors of 12792315.
3, 5, 769, 1109
What are the prime factors of 134451147?
3, 17, 59, 44683
What are the prime factors of 336396868?
2, 29, 653, 4441
What are the prime factors of 122114773?
11, 211, 4783
List the prime factors of 2432493744.
2, 3, 5021, 10093
What are the prime factors of 14839210?
2, 5, 103, 14407
What are the prime factors of 15500303?
7, 13, 59, 2887
List the prime factors of 3613711748.
2, 47, 1321, 14551
List the prime factors of 1270259405.
5, 254051881
List the prime factors of 37173941.
7, 1567, 3389
List the prime factors of 776296698.
2, 3, 129382783
List the prime factors of 133041595.
5, 26608319
List the prime factors of 960801758.
2, 7, 68628697
What are the prime factors of 211080908?
2, 17, 29, 3691
List the prime factors of 11748216.
2, 3, 23, 21283
What are the prime factors of 11642330?
2, 5, 7, 166319
What are the prime factors of 853886830?
2, 5, 85388683
What are the prime factors of 3710591952?
2, 3, 109, 709211
What are the prime factors of 3128045450?
2, 5, 719, 87011
What are the prime factors of 27698936?
2, 89, 38903
List the prime factors of 303988035.
3, 5, 13, 1558913
What are the prime factors of 1366889154?
2, 3, 313, 727843
List the prime factors of 2427341132.
2, 47, 593, 21773
List the prime factors of 1919671.
13, 37, 307
What are the prime factors of 298451195?
5, 7, 8527177
List the prime factors of 4978251498.
2, 3, 11, 31, 73, 33331
List the prime factors of 1743310156.
2, 7, 257, 242261
List the prime factors of 241082611.
7, 11, 3130943
What are the prime factors of 21833328?
2, 3, 11, 41351
List the prime factors of 2363995830.
2, 3, 5, 7, 31, 61, 5953
What are the prime factors of 2678640391?
7, 307, 1246459
What are the prime factors of 8384688036?
2, 3, 269, 865829
List the prime factors of 101340451.
17, 20627
List the prime factors of 152591437.
257, 317, 1873
What are the prime factors of 47187105?
3, 5, 7, 41, 97, 113
List the prime factors of 3254266.
2, 1627133
List the prime factors of 112240506.
2, 3, 7, 23, 116191
List the prime factors of 357329880.
2, 3, 5, 29, 3803
What are the prime factors of 214730792?
2, 26841349
List the prime factors of 633559351.
19, 3119, 10691
What are the prime factors of 51071784?
2, 3, 29, 73379
What are the prime factors of 24342687?
3, 29, 43, 241
What are the prime factors of 19790612?
2, 4947653
What are the prime factors of 175513794?
2, 3, 727, 40237
What are the prime factors of 73835011?
73835011
List the prime factors of 161609101.
2039, 79259
List the prime factors of 36368234.
2, 7, 163, 15937
What are the prime factors of 29725760?
2, 5, 92893
What are the prime factors of 202797714?
2, 3, 7, 89, 227, 239
List the prime factors of 3951433625.
5, 181, 174649
What are the prime factors of 63790082?
2, 29, 113, 9733
List the prime factors of 48854337.
3, 7, 137, 16981
List the prime factors of 29969300.
2, 5, 17, 61
What are the prime factors of 28416714?
2, 3, 251, 18869
What are the prime factors of 36674613?
3, 452773
What are the prime factors of 271311319?
347, 379, 2063
What are the prime factors of 879234616?
2, 13, 23, 367573
What are the prime factors of 1274465668?
2, 7, 29, 701, 2239
List the prime factors of 726234735.
3, 5, 48415649
What are the prime factors of 312235914?
2, 3, 311, 167329
List the prime factors of 59733164.
2, 79, 421, 449
What are the prime factors of 1283076764?
2, 19, 16882589
What are the prime factors of 8006872923?
3, 7, 14121469
List the prime factors of 89572906.
2, 463, 96731
List the prime factors of 1972718757.
3, 19, 227, 50821
What are the prime factors of 2021437831?
7, 2719, 106207
List the prime factors of 159937486.
2, 61, 1310963
List the prime factors of 971303216.
2, 13, 317, 14731
What are the prime factors of 901944917?
3853, 234089
What are the prime factors of 3059404323?
3, 47, 79, 457, 601
What are the prime factors of 92659571?
17, 23, 236981
What are the prime factors of 322664174?
2, 7, 43, 359, 1493
What are the prime factors of 28252922?
2, 47, 53, 107
List the prime factors of 48866444.
2, 11, 23, 109, 443
List the prime factors of 45253693.
45253693
What are the prime factors of 549075493?
239, 2297387
What are the prime factors of 42690034?
2, 127, 168071
What are the prime factors of 512383206?
2, 3, 85397201
What are the prime factors of 616101380?
2, 5, 47, 439, 1493
What are the prime factors of 1088378617?
5023, 216679
List the prime factors of 35477158.
2, 131, 135409
What are the prime factors of 78451081?
41, 1913441
List the prime factors of 14013323.
313, 44771
What are the prime factors of 42638202?
2, 3, 241, 9829
What are the prime factors of 1903008534?
2, 3, 7, 2837, 15971
List the prime factors of 7802212412.
2, 89, 827, 26501
What are the prime factors of 499953482?
2, 7, 523, 68281
List the prime factors of 8688582464.
2, 135759101
What are the prime factors of 6059301511?
6059301511
List the prime factors of 26957556.
2, 3, 249607
What are the prime factors of 28355906?
2, 14177953
List the prime factors of 515116109.
37, 13922057
What are the prime factors of 61891577?
11, 17, 43, 179
What are the prime factors of 453500428?
2, 113375107
List the prime factors of 289669707.
3, 37, 869879
List the prime f